is divided by 1159957.
37
What is the remainder when 987361 is divided by 109702?
43
What is the remainder when 13411 is divided by 12737?
674
What is the remainder when 11816503 is divided by 434?
419
What is the remainder when 99593 is divided by 16457?
851
Calculate the remainder when 367848 is divided by 60570.
4428
Calculate the remainder when 340166 is divided by 795.
701
What is the remainder when 211045 is divided by 6?
1
What is the remainder when 29524037 is divided by 398?
397
What is the remainder when 887042 is divided by 3261?
50
What is the remainder when 62317 is divided by 6865?
532
Calculate the remainder when 34848189 is divided by 2871.
2862
Calculate the remainder when 6301045 is divided by 6301040.
5
What is the remainder when 3331034 is divided by 333?
35
Calculate the remainder when 499051 is divided by 6654.
1
Calculate the remainder when 156450 is divided by 52147.
9
Calculate the remainder when 302628 is divided by 151263.
102
Calculate the remainder when 582347 is divided by 63.
38
What is the remainder when 1748672 is divided by 49962?
2
Calculate the remainder when 534606 is divided by 4242.
114
What is the remainder when 36977073 is divided by 255?
33
What is the remainder when 446249 is divided by 89219?
154
What is the remainder when 15985507 is divided by 7?
6
Calculate the remainder when 83842 is divided by 4643.
268
What is the remainder when 20277 is divided by 71?
42
What is the remainder when 1726128717 is divided by 2061?
2058
What is the remainder when 4104386 is divided by 684064?
2
What is the remainder when 7389389 is divided by 17?
16
What is the remainder when 1322546 is divided by 66127?
6
Calculate the remainder when 372231 is divided by 6102.
9
What is the remainder when 69147020 is divided by 2517?
2513
Calculate the remainder when 330180 is divided by 82513.
128
What is the remainder when 74475616 is divided by 14895116?
36
What is the remainder when 3810745 is divided by 1269923?
976
Calculate the remainder when 497947 is divided by 38287.
216
Calculate the remainder when 27341 is divided by 3883.
160
What is the remainder when 673314 is divided by 1584?
114
Calculate the remainder when 21261 is divided by 453.
423
Calculate the remainder when 346779053 is divided by 438.
437
Calculate the remainder when 548862 is divided by 109754.
92
Calculate the remainder when 47501 is divided by 9482.
91
Calculate the remainder when 712910 is divided by 268.
30
What is the remainder when 80435 is divided by 78200?
2235
What is the remainder when 2898327 is divided by 6917?
104
What is the remainder when 315071 is divided by 885?
11
Calculate the remainder when 2355023771 is divided by 25.
21
What is the remainder when 5287737 is divided by 203374?
13
Calculate the remainder when 137443 is divided by 7231.
54
What is the remainder when 1122398 is divided by 1121448?
950
Calculate the remainder when 872927 is divided by 13639.
31
Calculate the remainder when 15165489 is divided by 116.
113
What is the remainder when 36408214 is divided by 39?
37
Calculate the remainder when 63263 is divided by 10314.
1379
Calculate the remainder when 13855379 is divided by 2310.
2309
What is the remainder when 422271234 is divided by 140757076?
6
What is the remainder when 5494703 is divided by 18?
5
Calculate the remainder when 1117264 is divided by 1193.
616
Calculate the remainder when 341229 is divided by 1641.
1542
What is the remainder when 1951354 is divided by 111?
85
What is the remainder when 31920 is divided by 486?
330
Calculate the remainder when 10550 is divided by 321.
278
Calculate the remainder when 139867 is divided by 1304.
339
Calculate the remainder when 4017736 is divided by 20.
16
Calculate the remainder when 47213 is divided by 2878.
1165
Calculate the remainder when 2756743 is divided by 891.
880
Calculate the remainder when 6262363 is divided by 125247.
13
Calculate the remainder when 110134171 is divided by 3191.
3188
What is the remainder when 2981506 is divided by 22250?
6
Calculate the remainder when 5272717 is divided by 16.
13
What is the remainder when 810470 is divided by 62322?
284
What is the remainder when 13251480 is divided by 232482?
6
What is the remainder when 9754964 is divided by 343?
44
Calculate the remainder when 87357 is divided by 2244.
2085
What is the remainder when 17853280 is divided by 637617?
4
What is the remainder when 1266462 is divided by 316568?
190
What is the remainder when 1264666 is divided by 43608?
34
What is the remainder when 659444 is divided by 50723?
45
What is the remainder when 94412 is divided by 13487?
3
Calculate the remainder when 16966656 is divided by 9307.
9302
What is the remainder when 56066 is divided by 18154?
1604
What is the remainder when 74673094 is divided by 3061?
3060
What is the remainder when 2548648 is divided by 2548622?
26
What is the remainder when 48195578 is divided by 386?
4
Calculate the remainder when 1355672 is divided by 180.
92
Calculate the remainder when 12695344 is divided by 17535.
4
Calculate the remainder when 877321 is divided by 146212.
49
Calculate the remainder when 43602912 is divided by 4533.
4518
Calculate the remainder when 406785 is divided by 16269.
60
What is the remainder when 107275 is divided by 224?
203
Calculate the remainder when 93096 is divided by 92578.
518
Calculate the remainder when 15312635 is divided by 10814.
11
Calculate the remainder when 615313 is divided by 29.
20
Calculate the remainder when 955178 is divided by 68225.
28
Calculate the remainder when 77059726 is divided by 54.
52
Calculate the remainder when 3445770947 is divided by 422.
421
Calculate the remainder when 1964485 is divided by 491041.
321
What is the remainder when 18236 is divided by 74?
32
Calculate the remainder when 1926711 is divided by 5236.
5099
What is the remainder when 235544915 is divided by 833?
4
Calculate the remainder when 12918 is divided by 2500.
418
What is the remainder when 23021824 is divided by 339?
334
Calculate the remainder when 48988 is divided by 237.
166
What is the remainder when 45517347 is divided by 10?
7
Calculate the remainder when 23709457 is divided by 5927360.
17
Calculate the remainder when 12241031 is divided by 687.
65
What is the remainder when 66727 is divided by 5983?
914
Calculate the remainder when 23250 is divided by 7105.
1935
Calculate the remainder when 776907 is divided by 14658.
33
Calculate the remainder when 69706 is divided by 11329.
1732
What is the remainder when 30026659 is divided by 321?
319
Calculate the remainder when 246529 is divided by 2162.
61
What is the remainder when 101908 is divided by 790?
788
Calculate the remainder when 105044 is divided by 103448.
1596
Calculate the remainder when 62716 is divided by 2984.
52
What is the remainder when 17043 is divided by 208?
195
Calculate the remainder when 10381556 is divided by 1497.
1358
Calculate the remainder when 7361759 is divided by 413.
34
Calculate the remainder when 1408678 is divided by 8648.
7702
Calculate the remainder when 1964616 is divided by 2803.
2516
Calculate the remainder when 56039278 is divided by 843.
10
Calculate the remainder when 12948254 is divided by 4316054.
92
What is the remainder when 940047 is divided by 940042?
5
What is the remainder when 1032618 is divided by 10994?
10176
What is the remainder when 12913 is divided by 121?
87
What is the remainder when 12888400 is divided by 29?
17
What is the remainder when 23871462 is divided by 2684?
2650
Calculate the remainder when 2544118 is divided by 13390.
18
What is the remainder when 5174622 is divided by 18546?
288
Calculate the remainder when 736930 is divided by 115.
10
Calculate the remainder when 2561948 is divided by 132.
92
Calculate the remainder when 1138065 is divided by 2327.
162
What is the remainder when 4345826 is divided by 8657?
12
Calculate the remainder when 1005007 is divided by 11287.
464
Calculate the remainder when 3677935 is divided by 919479.
19
Calculate the remainder when 77268718 is divided by 15127.
2
Calculate the remainder when 1250129 is divided by 348.
113
Calculate the remainder when 275214 is divided by 8338.
60
Calculate the remainder when 371794 is divided by 9292.
114
What is the remainde